 the tens digit of t?
1
Suppose -3*r + 292 = 43. Let i = r + 112. What is the tens digit of i?
9
Let d(l) = l**2 - l. Let o(v) = -2*v**3 + 8*v**2 - 12*v - 10. Let q(y) = -3*d(y) - o(y). What is the tens digit of q(7)?
6
Let o(s) = 167*s**3 + 4*s**2 - s - 1. Let m be o(1). Suppose -4*n = 2*g - 116, 2*g + 5*n - m = -g. What is the tens digit of g?
4
Let l be (-4 - (-7)/1) + 0. Let k(r) = -2*r**2 - 8*r + 2. Let o be k(l). What is the tens digit of 1/(-5)*-2 + (-5064)/o?
2
Let r = -30336 - -56503. What is the units digit of r?
7
Let q(i) = -94*i**3 + i**2 + i + 3. Let o be q(2). Suppose -2*d + 2321 = -5*n + 2*d, -2*n - 4*d = 934. Let p = n - o. What is the hundreds digit of p?
2
Suppose 5*p - b - 18791 = 10593, 0 = 2*p - 3*b - 11751. What is the hundreds digit of p?
8
Suppose 2*h = 79 + 39. Let a = 39 + h. What is the tens digit of a?
9
Let n(l) = -l**2 + 18*l - 2. Let g be n(17). What is the tens digit of (4 + -1 + g)*(-118)/(-4)?
3
Let t(r) = 29837*r**2 + 32*r - 25. What is the ten thousands digit of t(1)?
2
Suppose 80*h = -213*h + 6482332. What is the thousands digit of h?
2
Suppose -4*y + y = 5*d - 46744, -2*y + 31150 = -3*d. What is the ten thousands digit of y?
1
Let q(f) = 250*f**2 + 4*f - 27. Let i(u) = 126*u**2 + 2*u - 13. Let y(r) = 7*i(r) - 3*q(r). What is the units digit of y(-2)?
4
Let q = -6 - -407. Let m = 844 - q. What is the units digit of m?
3
What is the units digit of 1*-3 + (-202 - 1)*11220/(-170)?
5
Let s(l) = 6*l**2 - 7*l - 7. Let b be s(-4). Suppose b*r + 469 = 118*r. What is the tens digit of r?
6
Suppose 0 = -w - 4, -3*w + 31 - 3 = 5*m. Suppose 0 = 3*l - 7*l + m. Suppose l*k + 4 = -2*k, 0 = h - 3*k - 28. What is the tens digit of h?
2
Suppose -3 = -s + 12. Suppose 21*i = s*i + 1128. What is the units digit of i?
8
Let o(q) = 7 + 0*q + 37*q - 20*q + 52*q. Let d be o(5). Suppose 3*h = f + 3*f + 542, 2*h = 5*f + d. What is the hundreds digit of h?
1
Suppose 9*z - 18 = 9. Let w be (3 - 5)*-1*z. Suppose 194 = w*i - 22. What is the tens digit of i?
3
Let z be (-1 - -12) + 25 + -29. Suppose -4 = -z*x + 38. What is the units digit of ((-18)/(-12))/(x/832)?
8
What is the hundreds digit of (-7743)/((1/(-10))/((-728)/(-1365)))?
2
Let y be 36/10*(3 + (-22)/(-6)). Suppose -y*l = -15*l - 45. Suppose 0 = l*i + 10 - 25. What is the units digit of i?
3
Suppose -5*v = 3*n - 36484 + 604, 3*v - 59832 = -5*n. What is the hundreds digit of n?
9
Let q be (-54)/(-10) - (-72)/(-180). What is the units digit of q/1 - -35*12?
5
Let s(m) = m**3 - 12*m**2 - 132*m + 412. What is the hundreds digit of s(39)?
3
Let q = -102 + 104. Suppose -l = 4*z + 2*l - 4841, -4*l + 2418 = q*z. Suppose z = 5*o + s, -3*o + 487 = -o + 3*s. What is the units digit of o?
2
Suppose 3*a - 642 - 1137 = 0. Suppose -4*z + a = -3*m, -327 - 453 = -5*z - 4*m. What is the hundreds digit of z?
1
Suppose b = 4*l + 6625, 0 = 3*b + 3*l + 1911 - 21861. What is the tens digit of b?
4
Let f = 6 + 1. Suppose 5*h = h + 3*p - 3, 4*p - 23 = -h. Suppose f*a - 312 = h*a. What is the units digit of a?
8
Let u(y) = y**3 + 7*y**2 - 6*y + 18. Let p be u(-8). Suppose 0 = 5*o + 5*d - 595, -2*d - 211 = -p*o + 31. What is the units digit of o?
0
Let q = 51127 + -28881. What is the hundreds digit of q?
2
Suppose -5*q + 49177 = 4*c, -49240 = -12*c + 8*c + 4*q. What is the hundreds digit of c?
3
Let f(m) = 270*m**3 + m**2 - 3*m + 1. Suppose -2*t + 1 = -1. What is the hundreds digit of f(t)?
2
Suppose 5*u + 2*s = -s - 18, 4*s - 2 = 2*u. Let t be (0 + 2)*20/(-12)*u. Suppose t*b + 39 - 119 = 0. What is the units digit of b?
8
Let q = -129 + 132. Suppose -5900 = -q*n - 7*n. What is the units digit of n?
0
Suppose 2*x = 4*l - 5610, -38*l = -43*l - 4*x + 7006. What is the tens digit of l?
0
Let l = 755 - 767. What is the tens digit of (-1466 + -11)*l/21?
4
Let t(n) = 3*n + 13. Let v be t(-5). Let g be 2/12*2086 - v/(-3). Let m = g - 161. What is the tens digit of m?
8
Let i = -21523 + 30906. What is the hundreds digit of i?
3
Suppose -7*v + 5180 = -2*v. Let s = v + -680. What is the hundreds digit of s?
3
Let j(c) = c**3 + 4*c**2 - 14*c - 4. Let u be j(-6). Suppose -5168 = -u*p + 2096. What is the tens digit of p?
0
Let x(h) be the first derivative of 5*h**4/2 + h**3 - h - 8. Let b be x(-2). Let j = -2 - b. What is the units digit of j?
7
Let z = 143406 + -101366. What is the tens digit of z?
4
Let l(o) be the third derivative of -3*o**4/4 + 2*o**3/3 + 11*o**2. Suppose -4*y - y - 15 = 0. What is the units digit of l(y)?
8
Suppose 2*l - 118 = -5*v, 3*l = -4*v + 51 + 119. Let c be l - 4*(1 + -2). Suppose 9*b - c = 8*b. What is the tens digit of b?
5
Suppose -11 = -3*o - 2. Suppose -2*n + 11 = o. Suppose n*v = 69 + 131. What is the tens digit of v?
5
Let f be 75/(-85) - 2/17. Let v(l) = -7*l - 2. Let a be v(f). Suppose a*u - 2*i = u + 410, 0 = 4*u + 2*i - 406. What is the units digit of u?
2
Let r = 34712 + -10836. What is the hundreds digit of r?
8
Suppose 0 = -5*a + 3*d + 4242, d = 3*a - 2*d - 2544. Suppose -5*l - a - 288 = -3*g, 2*g + l = 771. What is the tens digit of g?
8
Suppose 5 = -i - 4*y + 1, -12 = -3*i - 4*y. Suppose i*u = 247 + 2001. What is the units digit of u?
1
Let l = -85 - -545. Let k = 1369 - l. What is the tens digit of k?
0
Let c(y) = 339*y**2 - 19*y + 58. What is the ten thousands digit of c(6)?
1
What is the thousands digit of (-300)/8*102924/(-81)?
7
Suppose w = -3*k - 8, -k - 2*k = -3*w. Let i be (w + 0)*(-6)/12. What is the tens digit of (-1 - -1)/((-2)/i) - -95?
9
Suppose 5*p = 5*n + 71355, -768*p + 3*n + 14267 = -767*p. What is the hundreds digit of p?
2
Suppose 3*r + 9 = 0, 5*f + 2*r - 14 = 15. Let v(h) = -h**3 + 7*h**2 - h + 5. Let a be v(f). Let c = 27 - a. What is the units digit of c?
9
Suppose -70*i - 76*i + 144*i + 25512 = 0. What is the tens digit of i?
5
Let d(z) = 244 + 5*z**2 + 241 - 5*z**3 - 486 - z. What is the units digit of d(-4)?
3
Let j = 232 + -230. Suppose -19*r + 4454 = -j*r. What is the units digit of r?
2
Let d = -657 - -6169. What is the units digit of d?
2
Let d be ((-3)/(-6))/((-1)/(-12)). Suppose -4*u = 5*b + 3 - 18, 0 = 2*b + u - d. Suppose -b*k + 133 = -50. What is the tens digit of k?
6
Let d(q) = 5561*q**2 - 5*q + 32. Let u be d(5). What is the hundreds digit of (0 - 4/(-30)) + u/135?
0
Let x = 35425 - -9279. Suppose -31*c = c - x. What is the hundreds digit of c?
3
Let z = 19378 + -17800. What is the thousands digit of z?
1
Let r(p) = 85*p + 7228. What is the hundreds digit of r(0)?
2
Let s = -20750 + 30211. What is the units digit of s?
1
Let c(p) = 2*p**2 - 105*p + 493. What is the units digit of c(-49)?
0
Let w = -49605 + 104542. What is the ten thousands digit of w?
5
Suppose -5*p = -5*r + 5, 2*r + 2*r - p = 1. Suppose r = 3*b + 15, 3*t - 2*t + 3*b = 323. What is the tens digit of t?
3
Let p(j) = -j**2 - 42*j - 39. Let k be p(-41). What is the units digit of (k + (-72)/(-18))/(2/443)?
9
Let f(a) = -291*a - 8. Let q(n) = -289*n - 9. Let u(o) = 7*f(o) - 6*q(o). What is the hundreds digit of u(-2)?
6
Let r(u) = -2*u + 11 - 19 + 5*u**2 + 8*u**2 - 9*u. What is the units digit of r(6)?
4
Let q = -18819 + 27833. What is the thousands digit of q?
9
Let r = 165 + -672. Let b = -1158 + 800. Let t = b - r. What is the units digit of t?
9
Let c = 29 + -1. Suppose c + 2 = 5*x. Suppose -420 = -x*g - 42. What is the units digit of g?
3
Suppose 213615 - 49983 = 51*t - 555468. What is the thousands digit of t?
4
Let u(z) = 7*z**2 - 80*z + 1820. What is the hundreds digit of u(21)?
2
Let v be 24 + (-1)/(-4 - -3). Let u = v - 8. Suppose 19*n - u*n - 190 = 0. What is the units digit of n?
5
Suppose -73029 + 225832 + 1112587 = 70*y. What is the ten thousands digit of y?
1
Let l(m) = 10*m + 9. Let f be l(-6). Let g = 55 + f. What is the hundreds digit of (0/g + 1)*-1 - -114?
1
Suppose -2*y - y + 18 = 0. Suppose -29*a - 15*a + 203 = -10797. Suppose -p - a = -y*p. What is the tens digit of p?
5
Suppose 4*q + 50 = 22. Let o be ((-49)/q)/(-1*(-1 - 0)). Suppose -5*y - o*y + 996 = 0. What is the units digit of y?
3
Suppose -5*z + 9 = 9. Suppose -f - 40 = -2*o + 7*o, -4*f + o - 97 = z. What is the units digit of (-60)/f*30/4 + 2?
0
Suppose -6 - 4 = -2*d + 5*g, -4*d + 48 = -3*g. Let h be d - 14 - 1*-283. Suppose h + 1156 = 16*y. What is the units digit of y?
0
Suppose j - 2*j